nd 32?
16
Suppose -6*p = -3*p + 375. Let k = -109 - -54. Let g = k - p. Calculate the greatest common factor of 10 and g.
10
Let d = 15 - 6. Suppose -2 = p - d. Let w be 1582/28 - (-1)/(-2). What is the greatest common divisor of w and p?
7
Let k = -70 - -102. Suppose 4*d - 8 = 2*d. What is the highest common divisor of d and k?
4
Suppose 160 = 3*j + j. Suppose 0*f + j = 4*f. Let x = 75 - f. What is the greatest common factor of x and 26?
13
Let y be (-7 + 4 + (-12)/(-3))*85. Calculate the greatest common factor of y and 34.
17
Suppose 0 = 6*q - 29 - 43. What is the highest common factor of 36 and q?
12
Suppose -125 + 669 = 4*c. Calculate the highest common divisor of c and 17.
17
Suppose 4*t + 0*t = 4. What is the highest common factor of 1 and t?
1
Let x(r) = r**2 + 13*r + 21. Let c be x(-14). What is the greatest common divisor of c and 5?
5
Let k(t) = -t**3 - 2*t**2 - 2*t - 6. Let s be k(-4). Suppose -2*i + 86 = -16. What is the highest common factor of s and i?
17
Let q be 496/24 - 2/3. What is the highest common factor of 220 and q?
20
Let i(s) = -s**3 + s**2 + s + 4. Let j be i(0). Suppose -3*k = -j*t - 464, 0 = -3*k + t + 248 + 228. What is the greatest common factor of 20 and k?
20
Let t(r) = r**2 + 7*r + 8. Let v be t(-8). What is the greatest common divisor of v and 112?
16
Suppose 7*o = 9*o. Let n(w) = -w**3 + w**2 - w + 5. Let y be n(o). Calculate the greatest common divisor of 55 and y.
5
Let p be (-3)/3 + (-15)/(-5) + -1. Suppose s = 3*v - 2*s - 21, v - 7 = 2*s. What is the greatest common divisor of p and v?
1
Let u be (6/3)/(2/28). Let x = -19 + 26. Calculate the highest common divisor of u and x.
7
Suppose -3*i = -13 - 14. What is the greatest common factor of i and 81?
9
Let l = -65 + 81. Calculate the greatest common divisor of l and 80.
16
Let h(g) = 2*g**2 - 2. Let b be h(3). Let q = -4 - -8. Calculate the highest common factor of q and b.
4
Let f be 4 + 2/(-2) + 33. What is the highest common factor of 36 and f?
36
Let i be 105/10 - (-2)/(-4). Let y = -12 - -17. Suppose 2*q + r = 3*r + 96, -3*q = y*r - 160. Calculate the highest common divisor of q and i.
10
Let c(f) = f**2 - 6*f. Let r be c(6). Suppose 4*g = -y + 65, -y + 3*y + 5*g - 130 = r. What is the greatest common divisor of y and 26?
13
Let w(s) = 0 + 75*s**3 - 74*s**3 + 17 - s. Let h be w(0). Calculate the greatest common factor of h and 68.
17
Let x(m) = -m + 21. Let k be x(18). What is the highest common factor of k and 27?
3
Let y be (-4)/18 - 58/(-18). Let n(m) = 4*m**2 + m. Let j be n(y). Let i be (-464)/(-18) - (-2)/9. What is the greatest common factor of i and j?
13
Let k be (-20)/14*77/(-22). What is the greatest common divisor of k and 40?
5
Let g be 2 + -3 - -1 - 1. Let c be 62 + (-1 + g - 0). Calculate the greatest common divisor of c and 24.
12
Suppose -2*x + 5*m - 4 = 0, 5*x + 0*m - 32 = 2*m. What is the greatest common factor of x and 8?
8
Let k(y) = 13*y**2 + 3*y - 2*y - 12*y**2 + 48*y**2. Let x be (-2)/6 - 8/12. Let z be k(x). Calculate the highest common factor of z and 16.
16
Let k = 36 - 15. What is the greatest common divisor of 14 and k?
7
Let b(s) = -3*s - 5. Let q be b(-3). Calculate the highest common divisor of 20 and q.
4
Let k be 6/(-4)*(2 + -4). Calculate the highest common factor of k and 21.
3
Let d be -5 - (2 + -5) - -38. Calculate the highest common divisor of 9 and d.
9
Suppose 3*k = k + 3*g + 21, -2*k + 4*g + 20 = 0. What is the greatest common factor of k and 60?
12
Suppose -4*t + 16 = 3*v, -21 = -0*v - 3*v - 3*t. What is the greatest common factor of 36 and v?
12
Let k = -26 + 29. Let x(v) = -5*v + 4. Let f = -3 - 1. Let p be x(f). Calculate the highest common factor of k and p.
3
Let d(q) = -q**2 - 3*q + 1. Let n be d(-5). Let i(c) = -3*c + 1. Let u be i(n). What is the greatest common factor of 42 and u?
14
Let b(k) = 4*k**2 - k. Let h be b(2). Suppose 4*l + 0*l = 20. Suppose -l*x = -6 - h. Calculate the highest common divisor of x and 10.
2
Let w(p) = 27*p**2 + 1. Let u be w(1). Calculate the highest common factor of u and 14.
14
Suppose 29 = 4*z - 11. Suppose -y + 14 = w - 2*y, -5*w + 42 = 2*y. Calculate the greatest common divisor of w and z.
10
Suppose -13*n - 588 = -16*n. What is the highest common divisor of n and 49?
49
Let v be 6 - (-1)/((-1)/(-4)). Suppose 4*k - 176 = -2*d, -2*d - 3*k + 177 = -0*k. Calculate the greatest common divisor of v and d.
10
Let b = -72 + 101. Suppose 0 = 5*x + 25, b = t - 10*x + 5*x. Let f = 3 + -2. What is the greatest common divisor of t and f?
1
Let z be 2/4*(-1 + -3). Let u be z/(-9) + 2516/18. Let l be (24/14)/(5/u). Calculate the greatest common factor of l and 32.
16
Suppose 2*l + 41 = 5*r - 16, -2*l = -3*r + 35. Calculate the highest common divisor of r and 1.
1
Suppose 206 + 214 = 4*v. Let c = -29 - -44. Calculate the greatest common divisor of c and v.
15
Let h(m) = 6*m + 19. Let w be h(-3). Calculate the greatest common factor of w and 5.
1
Let t(x) = -4*x + 50. Let r be t(7). What is the highest common divisor of 242 and r?
22
Suppose -4*k = -62 - 70. Suppose 0 = 3*c - 4*o - k - 37, 3*o - 15 = 0. Calculate the greatest common factor of 12 and c.
6
Let u(g) = -g**3 - 8*g**2 + 9*g + 2. Let d be u(-9). Let l be (-2)/((-1)/(d + 8)). Let w be (1 + -16)*(-12)/l. Calculate the greatest common factor of 72 and w.
9
Suppose -6 = 4*k - 210. What is the greatest common divisor of k and 51?
51
Let u(l) = 6*l - 3. Let h be u(3). What is the highest common divisor of 60 and h?
15
Let p(c) = 8*c - 20. Let k be p(4). Let a(d) = 60*d**2 + d + 1. Let f be a(-1). Calculate the greatest common divisor of k and f.
12
Let y = 17 + 127. Calculate the highest common divisor of 18 and y.
18
Let t = -9 + 13. Let c = -2 + t. Suppose 2*u = n - c, 0*n - 2*n - 4*u + 4 = 0. What is the highest common divisor of 2 and n?
2
Suppose 3*s + k - 2 + 4 = 0, 3*k + 12 = -3*s. Suppose -n + 5*q = s - 26, -3*q = -3*n + 63. What is the greatest common divisor of n and 8?
4
Let a(c) = -2*c + 37. Let n be a(12). Calculate the highest common factor of 39 and n.
13
Let t = 92 + -50. Suppose 6*z - y - t = 4*z, -5*y = 5*z - 120. What is the greatest common divisor of z and 11?
11
Let n(u) = 3*u**3 + u**2 - 2. Let a(f) = f**2 - 10*f + 11. Suppose 0 = 2*q - 18. Let c be a(q). Let o be n(c). Calculate the highest common factor of 52 and o.
26
Let s be (-12)/(-54) + (-892)/(-36). What is the highest common factor of 25 and s?
25
Let i(d) = 5*d**3 + 2*d**2 + 4*d + 2. Let g be i(-2). Let m = g + 53. Let k be 0 + 117 - (-9 + 6). What is the highest common divisor of k and m?
15
Suppose 475 = 2*g - g. Suppose 8*p - g = 3*p. Calculate the highest common divisor of p and 19.
19
Suppose -24 = 3*i - 75. What is the highest common divisor of i and 34?
17
Let x = 4 + 1. Suppose 10 + x = y. Calculate the highest common divisor of y and 3.
3
Let g(h) = -4*h + 6. Let x be g(-6). Let f = -2 + x. What is the highest common divisor of f and 14?
14
Let l be ((-9)/2)/(1/(-18)). Let p be (4/(-2) - -5) + 1. Let w be p/18 + 79/9. Calculate the greatest common factor of w and l.
9
Suppose -6*j - j = -630. Calculate the highest common factor of 10 and j.
10
Let n(t) = t**2 + 7*t - 5. Let a be n(-8). Suppose 4*s + a*y - 131 = -0*s, -y = -4*s + 111. What is the highest common divisor of s and 58?
29
Suppose -5*z = -5*l, -l = 2*z + 4*l - 21. Suppose 5*o + 0*n - 4*n = 15, z*o = n + 2. Let y be (1/(-3))/(o/45). What is the highest common factor of y and 60?
15
Let i be (1 + 16/(-12))*-18. Let b be (i/(-6))/(1/(-28)). What is the greatest common factor of 7 and b?
7
Let j be (-3)/((-6)/14) - 3. Suppose -4*b + 4*k = -52, k - j - 1 = 0. What is the greatest common divisor of 2 and b?
2
Let s(j) = 390*j**2 - 5*j + 5. Let l be s(1). What is the greatest common divisor of l and 30?
30
Let x be -22*1*(2 - 7). Suppose g = 4 + 10. Let h = -4 + g. What is the highest common factor of h and x?
10
Let a be -1 - (1 - (-8)/(-2)). Let v(h) = h + 814*h**3 - 1 + 3 - 3*h**2 - 801*h**3. Let p be v(a). Calculate the highest common factor of p and 12.
12
Let w = 15 - -7. Suppose 2*o + 3*p = -2, -o - o + 10 = -3*p. Suppose -6*j + 277 = -j - o*g, 0 = j + 4*g - 51. What is the greatest common factor of j and w?
11
Suppose 2*q - 20 = -3*q. Suppose -a - 3*g + 30 = 10, 3*g + 50 